0*s + 460. What is o(6)?
400
Let x(d) = 5*d**2 - 957*d + 767. Determine x(189).
-1501
Let o(i) = 2*i**2 + 2425*i + 214379. Determine o(-96).
11
Let t(q) = -q**2 + 1508*q - 15222. Give t(10).
-242
Let d(i) = -2357*i + 131995. What is d(56)?
3
Let h(z) = -2*z**3 + 18*z**2 + 2012*z - 16221. What is h(8)?
3
Let c(s) = 123*s**2 - 1408*s - 1421. Determine c(-1).
110
Let b(g) = g**3 - 10*g**2 - 128*g + 393. Calculate b(15).
-402
Let g(u) = 247568*u + 3961087. Calculate g(-16).
-1
Let c(z) = 692*z + 276367. Determine c(-399).
259
Let f(w) = 264*w - 1602. Determine f(2).
-1074
Let a(h) = -3*h**3 - 10*h**2 + 1634*h + 236. What is a(-25)?
11
Let q(t) = 2*t**2 + 188*t + 331. What is q(-97)?
913
Let s(l) = -l**3 - 188*l**2 + 494*l - 15127. Give s(-191).
-38
Let w(c) = -178*c - 3414. What is w(-22)?
502
Let z(l) = -2*l**3 - 11*l**2 - 1822*l - 9086. Give z(-5).
-1
Let y(k) = -16*k**2 - 1550*k + 3353. Give y(-99).
-13
Let x(i) = -2*i**2 - 586*i + 3591. Give x(6).
3
Let w(y) = 6*y**2 - 63681*y + 127358. What is w(2)?
20
Let c(m) = 26564*m - 2071995. Calculate c(78).
-3
Let o(t) = 3*t**2 + 660*t - 49388. Calculate o(-279).
-5
Let x(r) = -2*r**2 - 1756*r - 20846. Give x(-12).
-62
Let h(a) = -8*a**2 + 81*a + 143. Calculate h(12).
-37
Let f(j) = 18*j**2 - 598*j - 499. What is f(34)?
-23
Let k(y) = -4*y**2 + 55*y + 907. Determine k(38).
-2779
Let f(v) = -8*v**2 + 10512*v - 104317. Give f(10).
3
Let q(r) = 47*r**2 + 1578*r + 6276. Calculate q(-4).
716
Let r(p) = -4316*p - 21322. What is r(-5)?
258
Let i(h) = 2*h**3 + 664*h**2 - 3614*h - 82207. Give i(-337).
21
Let b(u) = 5*u**3 + 604*u**2 + 544*u + 7659. Determine b(-120).
-21
Let c(b) = b**2 + 63*b - 4377. Determine c(-105).
33
Let n(k) = -1467*k - 36623. Determine n(-25).
52
Let h(q) = -13477*q + 27012. Calculate h(2).
58
Let x(h) = -1653*h + 555308. What is x(336)?
-100
Let p(k) = -6*k**3 + 5*k**2 - 19*k - 126. Calculate p(-3).
138
Let o(w) = 101*w - 6554. What is o(61)?
-393
Let o(b) = b**3 + 52*b**2 - 3*b - 332. What is o(0)?
-332
Let a(d) = 24730*d + 1459078. Give a(-59).
8
Let j(n) = -58*n**3 - 108*n**2 - 114*n - 7. What is j(-1)?
57
Let x(r) = -615*r - 3305. What is x(-6)?
385
Let b(t) = -8*t**3 + 11*t**2 + 74*t + 46. Calculate b(4).
6
Let z(u) = -u**3 + 21*u**2 - 278*u + 5630. What is z(21)?
-208
Let g(p) = -2*p**3 - 18*p**2 - 5991*p - 47804. Calculate g(-8).
-4
Let b(d) = -d**2 + 140136*d + 2522770. Determine b(-18).
-2
Let d(b) = -9*b**2 + 109*b + 1225. Give d(-7).
21
Let g(m) = -2*m**3 - 105*m**2 - 432*m - 56. Determine g(-48).
-56
Let d(y) = -3*y**3 + 161*y**2 + 760*y - 340. Determine d(58).
8
Let v(i) = -i**3 - 265*i**2 + 643*i + 29091. Determine v(-267).
-12
Let d(j) = 124*j**3 - 5*j**2 - 203*j - 203. Calculate d(-1).
-129
Let k(f) = -f**2 + 68129*f + 408815. Determine k(-6).
5
Let c(w) = 4*w**3 - 219*w**2 - 986*w + 63. Determine c(59).
1066
Let j(i) = 406*i + 41989. What is j(-103)?
171
Let b(k) = -5*k**2 + 1200*k + 43755. Give b(272).
235
Let t(x) = 5861*x - 23270. What is t(4)?
174
Let l(u) = 135*u - 20527. Give l(152).
-7
Let k(x) = -x**3 - 48*x**2 + 1189*x + 193. Give k(-66).
127
Let j(b) = -1978*b - 255176. Calculate j(-129).
-14
Let n(b) = 1231*b + 269918. Give n(-218).
1560
Let n(b) = -717*b - 12914. Determine n(-18).
-8
Let u(a) = 10834*a - 108466. What is u(10)?
-126
Let b(d) = -1913*d + 256227. Give b(134).
-115
Let b(i) = 5365*i - 14374. Determine b(3).
1721
Let p(h) = 29985*h + 299669. Calculate p(-10).
-181
Let m(y) = -52*y**2 - 9678*y - 1341. What is m(-186)?
-225
Let d(t) = -t**3 + 17*t**2 + 180*t - 2010. Calculate d(8).
6
Let q(y) = -21*y**2 - 21005*y + 21003. Determine q(1).
-23
Let g(y) = -y**3 + 4*y**2 + 96991*y - 969305. What is g(10)?
5
Let k(n) = 4*n**3 + 405*n**2 + 38*n - 6396. Calculate k(-101).
-33
Let a(w) = w**3 - 23*w**2 + 80*w - 78. What is a(19)?
-2
Let a(y) = y**3 + 568*y**2 - 3374*y + 40098. Calculate a(-574).
-82
Let n(x) = x**3 - 240*x**2 - 82*x - 38220. Give n(241).
99
Let i(x) = 11817*x + 200889. Give i(-17).
0
Let a(g) = 2106*g - 75882. Calculate a(36).
-66
Let b(k) = 2*k**3 - 39*k**2 - 718*k + 205. What is b(31)?
50
Let v(a) = -5*a**3 + 1060*a**2 + 3226*a - 140. Determine v(215).
75
Let w(g) = 23*g**2 - 361*g + 2324. Determine w(6).
986
Let t(h) = 374*h - 216189. Calculate t(578).
-17
Let r(o) = 67832*o - 136055. Give r(2).
-391
Let n(f) = f**3 + 177*f**2 + 691*f - 613. Calculate n(-173).
-440
Let z(j) = 40*j**2 + 2307*j + 1541. Calculate z(-57).
2
Let n(w) = -9*w**3 - 27*w**2 + 66*w + 180. Calculate n(5).
-1290
Let z(t) = 15579*t + 93444. What is z(-6)?
-30
Let q(p) = 2*p**3 - 25*p**2 - 41*p - 112. What is q(14)?
-98
Let l(g) = -5*g**3 + 95*g**2 - 31*g + 596. What is l(19)?
7
Let s(k) = k**2 + 1288*k - 27551. Calculate s(21).
-62
Let p(j) = -j**3 + 3*j**2 + 11*j - 81. Determine p(11).
-928
Let l(d) = 12115*d - 109090. Calculate l(9).
-55
Let n(o) = -7*o**3 + 58*o**2 - 355*o + 2721. What is n(8)?
9
Let u(h) = -11413*h - 45678. Determine u(-4).
-26
Let s(v) = -478*v - 46900. What is s(-87)?
-5314
Let n(x) = 11035*x - 165512. Give n(15).
13
Let d(y) = -31*y**2 + 369*y + 2845. What is d(-8)?
-2091
Let n(s) = -s**3 - s**2 + 136*s - 626. Calculate n(12).
-866
Let a(z) = -36*z**3 - 7*z**2 - 284*z - 831. Calculate a(-3).
930
Let s(r) = 2*r**2 + 141*r - 51941. What is s(-199)?
-798
Let n(d) = 25*d**2 + 210*d - 14178. Determine n(20).
22
Let s(a) = -87*a - 1437. What is s(-17)?
42
Let v(r) = 216042*r + 47097157. What is v(-218)?
1
Let r(b) = 215*b**2 - 2230*b + 1497. Determine r(10).
697
Let x(a) = -13*a**2 - 353*a - 251. What is x(-28)?
-559
Let a(g) = 16*g**2 - 1649*g + 17498. What is a(12)?
14
Let z(c) = 21*c**2 + 3*c + 426. What is z(0)?
426
Let m(l) = 146555*l + 5569086. Calculate m(-38).
-4
Let p(r) = -534*r**2 + 1618*r - 47. Calculate p(3).
1
Let g(s) = -494*s + 112121. Calculate g(227).
-17
Let l(t) = -t**2 - 5543*t + 44503. Give l(8).
95
Let u(x) = -x**2 - 18796*x + 244509. What is u(13)?
-8
Let q(b) = -b**3 + 96*b**2 - 322*b + 119. Calculate q(3).
-10
Let x(b) = 27*b**2 + 1795*b + 3565. Determine x(-2).
83
Let y(u) = 6*u**2 + 2103*u + 11363. Calculate y(-345).
-22
Let o(p) = -p**3 - 23*p**2 + 379*p + 165. Calculate o(-34).
-5
Let a(y) = -9*y**3 - 19*y**2 - 62*y + 179. Determine a(-5).
1139
Let m(v) = 740*v + 59929. Determine m(-81).
-11
Let r(y) = 2064*y + 231174. Give r(-112).
6
Let q(y) = -1238*y + 1007. Calculate q(1).
-231
Let m(s) = s**3 + 5*s**2 - 1194*s - 9313. Determine m(-8).
47
Let v(r) = -r**3 + 35*r**2 + 479*r - 1197. Calculate v(47).
-5192
Let m(x) = 2*x**2 + 10581*x - 31763. Calculate m(3).
-2
Let i(n) = n**2 + 157*n - 98500. What is i(-402)?
-10
Let f(p) = 28*p + 1397. Determine f(-14).
1005
Let g(b) = -23*b**2 - 302*b + 1656. Calculate g(6).
-984
Let f(g) = 7*g**2 - 116*g - 156. Calculate f(21).
495
Let h(a) = 326380*a - 978989. Give h(3).
151
Let c(d) = -13*d**2 - 634*d - 1642. Give c(-46).
14
Let c(v) = 227*v**2 - 3827*v + 14625. Determine c(11).
-5
Let k(z) = -3742*z + 1560449. What is k(417)?
35
Let h(q) = -61*q + 3775. Calculate h(70).
-495
Let b(y) = -3*y**3 - 1433*y**2 - 961*y - 3322. What is b(-477)?
17
Let l(c) = -241315*c - 7480771. Calculate l(-31).
-6
Let h(p) = -2339*p - 77188. Give h(-33).
-1
Let r(i) = 5*i**2 - 344*i + 3790. Determine r(55).
-5
Let m(d) = 1814*d**2 + 955*d + 955. Give m(-1).
1814
Let h(s) = -2*s**3 - 82*s**2 + 73*s - 886. Determine h(-42).
-424
Let f(y) = y**3 + 429*y**2 + 425*y - 1269. Determine f(-428).
15
Let f(v) = 9*v**2 + 59*v - 86. What is f(-13)?
668
Let y(f) = -f**2 - 31627*f - 2020039. What is y(-64)?
-7
Let x(s) = -13094*s + 65431. Give x(5).
-39
Let s(t) = 6*t**2 - 2115*t + 10608. What is s(5)?
183
Let y(s) = -8*s**2 + 7*s + 1892. What is y(19)?
-863
Let b(y) = 1692194*y - 16921940. Give b(10).
0
Let n(x) = 5*x**3 - 1002*x**2 + 403*x - 362. Calculate n(200).
238
Let k(r) = 14*r**2 - 1290*r - 993. Determine k(93).
123
Let r(p) = 8*p**2 + 265*p - 165. Determine r(-31).
-692
Let t(w) = -w**2 - 840*w + 32424. Calculate t(37).
-25
Let h(s) = -54236*s + 54411. What is h(1)?
175
Let t(m) = -m**3 + 104*m**2 + 1368*m - 132714. What is t(105)?
-99
Let n(h) = -5458*h - 343856. Give n(-63).
-2
Let a(q) = 56*q**3 - 918*q**2 - 678*q + 1707. Determine a(17).
7
Let l(d) = -4*d**2 + 514*d - 14592. Calculate l(87).
